{"id":6111,"date":"2024-10-09T08:06:19","date_gmt":"2024-10-09T11:06:19","guid":{"rendered":"https:\/\/calinense.com.br\/NOVOSITE\/?page_id=6111"},"modified":"2026-03-06T22:03:32","modified_gmt":"2026-03-07T01:03:32","slug":"staff","status":"publish","type":"page","link":"https:\/\/calinense.com.br\/NOVOSITE\/staff\/","title":{"rendered":"Staff"},"content":{"rendered":"\t\t<div data-elementor-type=\"wp-page\" data-elementor-id=\"6111\" class=\"elementor elementor-6111\">\n\t\t\t\t\t\t<section class=\"elementor-section elementor-top-section elementor-element elementor-element-59028b8 elementor-section-boxed elementor-section-height-default elementor-section-height-default wpr-particle-no wpr-jarallax-no wpr-parallax-no wpr-sticky-section-no wpr-column-slider-no wpr-equal-height-no\" data-id=\"59028b8\" data-element_type=\"section\" data-e-type=\"section\">\n\t\t\t\t\t\t<div class=\"elementor-container elementor-column-gap-default\">\n\t\t\t\t\t<div class=\"elementor-column elementor-col-100 elementor-top-column elementor-element elementor-element-86fe855\" data-id=\"86fe855\" data-element_type=\"column\" data-e-type=\"column\">\n\t\t\t<div class=\"elementor-widget-wrap elementor-element-populated\">\n\t\t\t\t\t\t<div class=\"elementor-element elementor-element-3fb5d7c elementor-widget elementor-widget-heading\" data-id=\"3fb5d7c\" data-element_type=\"widget\" data-e-type=\"widget\" data-widget_type=\"heading.default\">\n\t\t\t\t<div class=\"elementor-widget-container\">\n\t\t\t\t\t<h3 class=\"elementor-heading-title elementor-size-large\">Staff<\/h3>\t\t\t\t<\/div>\n\t\t\t\t<\/div>\n\t\t\t\t\t<\/div>\n\t\t<\/div>\n\t\t\t\t\t<\/div>\n\t\t<\/section>\n\t\t\t\t<section class=\"elementor-section elementor-top-section elementor-element elementor-element-68a04a9 elementor-section-boxed elementor-section-height-default elementor-section-height-default wpr-particle-no wpr-jarallax-no wpr-parallax-no wpr-sticky-section-no wpr-column-slider-no wpr-equal-height-no\" data-id=\"68a04a9\" data-element_type=\"section\" data-e-type=\"section\">\n\t\t\t\t\t\t<div class=\"elementor-container elementor-column-gap-default\">\n\t\t\t\t\t<div class=\"elementor-column elementor-col-50 elementor-top-column elementor-element elementor-element-d126cb6\" data-id=\"d126cb6\" data-element_type=\"column\" data-e-type=\"column\">\n\t\t\t<div class=\"elementor-widget-wrap elementor-element-populated\">\n\t\t\t\t\t\t<div class=\"elementor-element elementor-element-f783e2a elementor-widget elementor-widget-text-editor\" data-id=\"f783e2a\" data-element_type=\"widget\" data-e-type=\"widget\" data-widget_type=\"text-editor.default\">\n\t\t\t\t<div class=\"elementor-widget-container\">\n\t\t\t\t\t\t\t\t\t<p><span style=\"color: #333333;\"><b>FAUSTO MOMENTE<\/b><\/span><\/p>\n<p>Gerente de Futebol<\/p>\n<p><strong>&nbsp;<\/strong><\/p>\n<p><strong>GLAUCE SILVA<\/strong><\/p>\n<p>Supervisora Administrativa<\/p>\n<p><b>&nbsp;<\/b><\/p>\n<p><b>FRANCIELE CAROLINE AZEVEDO<\/b><\/p>\n<p>Secret\u00e1ria<\/p>\n<p><b>&nbsp;<\/b><\/p>\n<p><b>ALEKS PEURINO<\/b><\/p>\n<p>Marketing e Comunica\u00e7\u00e3o<\/p>\n<p><b>&nbsp;<\/b><\/p>\n<p><b>MATHEUS CANDELORO<\/b><\/p>\n<p>Design (Marketing e Comunica\u00e7\u00e3o)<\/p>\n<p><span style=\"font-weight: bold;\">&nbsp;<\/span><\/p>\n<p><span style=\"font-weight: bold;\">LUANA<\/span><\/p>\n<p>Auxiliar Financeiro<\/p><p><br><\/p>\n<p><span style=\"font-weight: bold;\">CRISTINA<\/span><\/p>\n<p>Vendedora Loja Oficia<\/p>\t\t\t\t\t\t\t\t<\/div>\n\t\t\t\t<\/div>\n\t\t\t\t\t<\/div>\n\t\t<\/div>\n\t\t\t\t<div class=\"elementor-column elementor-col-50 elementor-top-column elementor-element elementor-element-ad58c56\" data-id=\"ad58c56\" data-element_type=\"column\" data-e-type=\"column\">\n\t\t\t<div class=\"elementor-widget-wrap elementor-element-populated\">\n\t\t\t\t\t\t<div class=\"elementor-element elementor-element-8f3c488 elementor-widget elementor-widget-text-editor\" data-id=\"8f3c488\" data-element_type=\"widget\" data-e-type=\"widget\" data-widget_type=\"text-editor.default\">\n\t\t\t\t<div class=\"elementor-widget-container\">\n\t\t\t\t\t\t\t\t\t<p><strong>FABIANA<\/strong><\/p><p>Cozinheia<\/p><p><strong>\u00a0<\/strong><\/p><p><strong>CINTIA<\/strong><\/p><p>Cozinheira<\/p><p><strong>\u00a0<\/strong><\/p><p><strong>ANA\u00a0 MARIA<\/strong><\/p><p>Auxiliar de Cozinha<\/p><p>\u00a0<\/p><p><b>RENATA<\/b><\/p><p>Auxiliar de Cozinha<\/p><p><b>\u00a0<\/b><\/p><p><b>ROSELI<\/b><\/p><p>Auxiliar Geral<\/p><p>\u00a0<\/p><p><b>DIRCEU<\/b><\/p><p>Auxiliar Geral<\/p><p>\u00a0<\/p><p><span style=\"font-weight: bold;\">SIVALDO<\/span><\/p><p>Auxiliar Geral<\/p>\t\t\t\t\t\t\t\t<\/div>\n\t\t\t\t<\/div>\n\t\t\t\t\t<\/div>\n\t\t<\/div>\n\t\t\t\t\t<\/div>\n\t\t<\/section>\n\t\t\t\t<\/div>\n\t\t","protected":false},"excerpt":{"rendered":"<p>Staff FAUSTO MOMENTE Gerente de Futebol &nbsp; GLAUCE SILVA Supervisora Administrativa &nbsp; FRANCIELE CAROLINE AZEVEDO Secret\u00e1ria &nbsp; ALEKS PEURINO Marketing e Comunica\u00e7\u00e3o &nbsp; MATHEUS CANDELORO Design (Marketing e Comunica\u00e7\u00e3o) &nbsp; LUANA Auxiliar Financeiro CRISTINA Vendedora Loja Oficia FABIANA Cozinheia \u00a0 CINTIA Cozinheira \u00a0 ANA\u00a0 MARIA Auxiliar de Cozinha \u00a0 RENATA Auxiliar de Cozinha \u00a0 ROSELI Auxiliar Geral \u00a0 DIRCEU Auxiliar Geral \u00a0 SIVALDO Auxiliar Geral<\/p>\n","protected":false},"author":1,"featured_media":0,"parent":0,"menu_order":0,"comment_status":"closed","ping_status":"closed","template":"","meta":{"footnotes":""},"class_list":["post-6111","page","type-page","status-publish","hentry"],"_links":{"self":[{"href":"https:\/\/calinense.com.br\/NOVOSITE\/wp-json\/wp\/v2\/pages\/6111","targetHints":{"allow":["GET"]}}],"collection":[{"href":"https:\/\/calinense.com.br\/NOVOSITE\/wp-json\/wp\/v2\/pages"}],"about":[{"href":"https:\/\/calinense.com.br\/NOVOSITE\/wp-json\/wp\/v2\/types\/page"}],"author":[{"embeddable":true,"href":"https:\/\/calinense.com.br\/NOVOSITE\/wp-json\/wp\/v2\/users\/1"}],"replies":[{"embeddable":true,"href":"https:\/\/calinense.com.br\/NOVOSITE\/wp-json\/wp\/v2\/comments?post=6111"}],"version-history":[{"count":90,"href":"https:\/\/calinense.com.br\/NOVOSITE\/wp-json\/wp\/v2\/pages\/6111\/revisions"}],"predecessor-version":[{"id":8487,"href":"https:\/\/calinense.com.br\/NOVOSITE\/wp-json\/wp\/v2\/pages\/6111\/revisions\/8487"}],"wp:attachment":[{"href":"https:\/\/calinense.com.br\/NOVOSITE\/wp-json\/wp\/v2\/media?parent=6111"}],"curies":[{"name":"wp","href":"https:\/\/api.w.org\/{rel}","templated":true}]}}