{"id":3171,"date":"2022-02-16T20:00:00","date_gmt":"2022-02-16T23:00:00","guid":{"rendered":"https:\/\/calinense.com.br\/NOVOSITE\/?post_type=wpcm_match&#038;p=3171"},"modified":"2023-09-07T18:26:04","modified_gmt":"2023-09-07T21:26:04","slug":"3171-associa%c3%a7%c3%a3o-atl%c3%a9tica-portuguesa-x-clube-atl%c3%a9tico-linense","status":"publish","type":"wpcm_match","link":"https:\/\/calinense.com.br\/NOVOSITE\/match\/3171-associa%c3%a7%c3%a3o-atl%c3%a9tica-portuguesa-x-clube-atl%c3%a9tico-linense\/","title":{"rendered":"Associa\u00e7\u00e3o Atl\u00e9tica Portuguesa x Clube Atl\u00e9tico Linense"},"template":"","wpcm_season":[51],"class_list":["post-3171","wpcm_match","type-wpcm_match","status-publish","hentry","wpcm_season-51"],"_links":{"self":[{"href":"https:\/\/calinense.com.br\/NOVOSITE\/wp-json\/wp\/v2\/wpcm_match\/3171","targetHints":{"allow":["GET"]}}],"collection":[{"href":"https:\/\/calinense.com.br\/NOVOSITE\/wp-json\/wp\/v2\/wpcm_match"}],"about":[{"href":"https:\/\/calinense.com.br\/NOVOSITE\/wp-json\/wp\/v2\/types\/wpcm_match"}],"wp:attachment":[{"href":"https:\/\/calinense.com.br\/NOVOSITE\/wp-json\/wp\/v2\/media?parent=3171"}],"wp:term":[{"taxonomy":"wpcm_season","embeddable":true,"href":"https:\/\/calinense.com.br\/NOVOSITE\/wp-json\/wp\/v2\/wpcm_season?post=3171"}],"curies":[{"name":"wp","href":"https:\/\/api.w.org\/{rel}","templated":true}]}}

Associação Atlética Portuguesa x Clube Atlético Linense
