{"id":7659,"date":"2025-09-06T09:00:00","date_gmt":"2025-09-06T12:00:00","guid":{"rendered":"https:\/\/calinense.com.br\/NOVOSITE\/?post_type=wpcm_match&#038;p=7659"},"modified":"2025-09-06T19:42:00","modified_gmt":"2025-09-06T22:42:00","slug":"7659-associa%c3%a7%c3%a3o-atl%c3%a9tica-internacional-x-clube-atl%c3%a9tico-linense","status":"publish","type":"wpcm_match","link":"https:\/\/calinense.com.br\/NOVOSITE\/match\/7659-associa%c3%a7%c3%a3o-atl%c3%a9tica-internacional-x-clube-atl%c3%a9tico-linense\/","title":{"rendered":"Associa\u00e7\u00e3o Atl\u00e9tica Internacional x Clube Atl\u00e9tico Linense"},"template":"","wpcm_season":[117],"class_list":["post-7659","wpcm_match","type-wpcm_match","status-publish","hentry","wpcm_season-117"],"_links":{"self":[{"href":"https:\/\/calinense.com.br\/NOVOSITE\/wp-json\/wp\/v2\/wpcm_match\/7659","targetHints":{"allow":["GET"]}}],"collection":[{"href":"https:\/\/calinense.com.br\/NOVOSITE\/wp-json\/wp\/v2\/wpcm_match"}],"about":[{"href":"https:\/\/calinense.com.br\/NOVOSITE\/wp-json\/wp\/v2\/types\/wpcm_match"}],"wp:attachment":[{"href":"https:\/\/calinense.com.br\/NOVOSITE\/wp-json\/wp\/v2\/media?parent=7659"}],"wp:term":[{"taxonomy":"wpcm_season","embeddable":true,"href":"https:\/\/calinense.com.br\/NOVOSITE\/wp-json\/wp\/v2\/wpcm_season?post=7659"}],"curies":[{"name":"wp","href":"https:\/\/api.w.org\/{rel}","templated":true}]}}

Associação Atlética Internacional x Clube Atlético Linense
